 c(h) = h - 7. Let k be c(8). Let x = 3 - k. What is the units digit of x?
2
Let i be 61 + 4 - (-2 + 0). Suppose -w + 2*h - 41 = -4*w, i = 5*w + 4*h. What is the tens digit of w?
1
Let f be (-1)/1*(-228)/6. Suppose -14*p + f = -12*p. What is the tens digit of p?
1
Let v(k) = -k**3 + 5*k**2 + k - 2. Let m be v(4). Let x = m + -9. What is the units digit of x?
9
Let w = 9 - -2. Let x = 15 + w. What is the units digit of x?
6
Let a(c) = -c**3 - 3*c**2 + 2*c - 4. Let h be a(-4). Suppose -4*i + 0*n + n + 63 = 0, -2*n = h*i - 54. What is the tens digit of i?
1
Let p = -98 - -151. What is the tens digit of p?
5
Let z = 68 + 85. What is the tens digit of z?
5
Let m(x) = x**2 + 10*x - 13. What is the units digit of m(-12)?
1
Let w = 209 - 142. What is the units digit of w?
7
Suppose 2 = -2*n - 2*t, -n = -8*t + 4*t - 14. Let b be 1/(n/8) - 1. Suppose -20 = -l - b*l. What is the units digit of l?
5
Suppose -n + 4*z = -33, -n - z - 146 = -6*n. What is the tens digit of n?
2
Let k(a) = 2*a**2 - 16*a + 24. What is the units digit of k(11)?
0
Let v(z) = z**2 - 7*z + 3. Let c be 2/(-4) - (-45)/6. What is the units digit of v(c)?
3
Let g(m) = -8*m - 1. Let y be g(-1). Let h = y + 2. Let d = h + -4. What is the units digit of d?
5
Let b(q) = -q**2 - 8*q + 2. Let i be b(-8). Suppose 3*n + i*k + 12 = 5*n, -4*k = 12. What is the units digit of n*(-5)/(15/(-4))?
4
What is the hundreds digit of (-16)/(-12)*(155/2 - 1)?
1
Suppose 20 = -6*m + m, 4*d = 2*m + 16. Suppose -21 = d*p - 5*p. What is the units digit of p?
7
Let c(g) = -2*g**3 - 1. Suppose -b + 18 = 3*s, -b + 0*b = 0. Let u be ((-2)/s)/((-6)/(-18)). What is the units digit of c(u)?
1
Suppose 4*p - 2*p - 4 = 0. Suppose 5*r = 3*u + 30, r + p*u + 7 = -0*u. What is the units digit of r + 0 + 0 + 8?
1
Suppose -5*y = -133 - 747. What is the hundreds digit of y?
1
Suppose z = 4*b - 439, 0 = 2*b - 2*z - 189 - 29. What is the units digit of b?
0
Let w = -16 - -20. Suppose -4*l + 24 = -40. Suppose -w*z + l = -4*j, 2*j + 16 = 3*z + 1. What is the units digit of z?
7
Let y be 12*(20/(-8) + 2). Let k = y + 43. What is the tens digit of k?
3
Suppose 3 = 2*r - 7*r + 3*f, 3*f - 3 = -5*r. Suppose r = -x - 4*x. Suppose -3*z - 33 = -5*y - 0, 3*y - 2*z - 19 = x. What is the units digit of y?
9
Suppose 0 = -5*a - 0*a. Suppose a = 3*p + 2*p + 10, -5*z - 2 = p. Suppose 2*t + y - 6 - 3 = 0, z = -t - 3*y - 3. What is the units digit of t?
6
Let m(i) = 5*i. Let p(a) = 6*a. Let w(c) = -3*m(c) + 2*p(c). What is the units digit of w(-1)?
3
Suppose -3*v = -4*l + 38, -2*v + 2*l = 27 - 5. What is the units digit of 2/v + 132/18?
7
Let m(b) = -b**3 - 3*b**2 - 4*b - 1. What is the tens digit of m(-4)?
3
Let j(c) = c - 3. Let d be j(7). What is the tens digit of d + -6 - 30/(-2)?
1
Suppose u - 20 = -0*u. Suppose 5*f + 5*c - 21 - 19 = 0, -3*c = -4*f + 67. Let l = u - f. What is the units digit of l?
7
Let y(s) = s. Let r be y(1). Let l = r + 6. What is the units digit of l?
7
Suppose 0*v + 8 = 4*v. Suppose -4*b - 5*r + v*r + 8 = 0, b = 2*r + 13. What is the units digit of b?
5
Suppose k - 3 = 78. What is the tens digit of k?
8
Let h be ((-1)/1)/(2/(-12)). Suppose 0 = -3*c + c - h. What is the tens digit of 11*c*(-3)/9?
1
Suppose 0 = k - z - 5, 0 = -k - 2*z + 6*z + 11. Suppose -5*b - k*v = -33, 2*b = b + 3*v + 3. Suppose 0 = 3*p - 9 - b. What is the units digit of p?
5
Let t(g) = 2*g**3 - g - 11. What is the tens digit of t(5)?
3
Suppose -3*i - 5*s + 1169 = 0, 2*i - s + 1570 = 6*i. What is the tens digit of i?
9
Let l(w) = 3*w**2 - w + 1. Let n be l(1). Let g = 12 - -8. Suppose -15 = -5*p - n*u + 12, -5*u = -g. What is the units digit of p?
3
Suppose -5*u + u = 4. Let d = u - -5. Suppose 3*b = -d*k + 48, -2*k + 6 = -3*b - 0. What is the units digit of k?
9
Let s(i) = -8*i**2 - 1. Let g be s(-1). Let r be 6/g - (-46)/6. Suppose -29 - r = -4*u. What is the units digit of u?
9
Suppose 2*h - 10 - 4 = 0. Let s = h + 0. What is the units digit of s?
7
Let d(h) = 14*h**3. Suppose -2*c - c + 3 = 0. What is the units digit of d(c)?
4
What is the hundreds digit of ((-198)/10 + 1)*-10?
1
Let i be (-3)/6 - (-11)/(-2). Let f(z) = -z**2 - 7*z - 4. What is the units digit of f(i)?
2
Suppose u = t + 6, -4*t - 4*u = -5*t - 6. Let i(n) = n**3 + 6*n**2 - 3. Let x be i(t). Let h = 10 + x. What is the units digit of h?
7
Let f(s) = 3*s - 5. What is the tens digit of f(9)?
2
Let s(w) = 4*w**2 + 4 + 4*w - w**3 + 3*w - w - 9*w. Suppose 5*n - 3*f = -7*f + 7, -2*n + 8 = -f. What is the units digit of s(n)?
4
Suppose -i - 12 = -4*d, -5*i + 3*d - 24 = d. What is the tens digit of (26/8)/(i/(-16))?
1
Let h(q) = -8 + 2 - q + q**2 + 3*q + 2. Let g be 2/6 + 24/9. What is the tens digit of h(g)?
1
Let t = 31 - 22. What is the units digit of t?
9
Suppose -3*s + 2*s + 11 = 0. Let x = s - 7. What is the units digit of x?
4
Let g be (-2 + (-6)/(-2))*11. Suppose r + y + 4 = -r, 0 = -r - 5*y - g. Let p = r - -7. What is the units digit of p?
6
Suppose 4*i + 2*w - 20 = 3*i, 2*i - w - 15 = 0. What is the tens digit of i?
1
Let i(z) = 0 + 10*z**2 - 1 + 0*z**2. What is the units digit of i(-1)?
9
Let t(m) = m**3 + 9*m**2 + 7*m - 6. Let v be t(-8). Suppose y + 12 = o, -v*o + 2*y + y + 27 = 0. What is the units digit of o?
9
Suppose 0 = -4*p + 141 - 1. Let u = -12 + p. What is the tens digit of u?
2
Suppose -i = -0*d - d - 35, 0 = 2*d + 2*i + 70. Let o = 61 + d. What is the tens digit of o?
2
Let g = 0 - -1. What is the units digit of (96/(-40))/(g/(-5))?
2
What is the units digit of (-148)/(-10) - (-12)/(-15)?
4
Let u = 5 - 4. What is the units digit of 7 - -3 - (-1 - u)?
2
Suppose -3*n + 39 = a - 288, 3*n - 4*a - 312 = 0. Suppose x - 4*x = -n. Suppose s + 3*s = x. What is the units digit of s?
9
Let g be (-5)/(-2)*(0 - -2). Suppose 0 = -0*q + g*q - 20. Suppose m + m - q = 0. What is the units digit of m?
2
Let c = 14 - 22. Let m = 0 - c. What is the units digit of m?
8
Let q = -192 - -280. What is the tens digit of q?
8
Let q = 1 + 0. Let k = 2 - q. What is the units digit of k?
1
Suppose 0 = 3*v + 4*n, -2*n + 3 = 3*v - 3. Suppose -3*q = -v*q + 14. What is the units digit of (18/21)/(2/q)?
6
Suppose -2*p = 3*w - 4*p + 13, p - 6 = w. Let j be (-1 + 2)*(1 - w). Suppose 0 = 2*c + j - 14. What is the units digit of c?
6
Let d(y) be the first derivative of -y**2 + 2*y - 5. What is the units digit of d(0)?
2
Let r(y) = y**2 - 11*y + 12. Let f be r(9). Let k = f + 3. Let l(h) = 2*h**2 + 4*h. What is the units digit of l(k)?
6
Let c be 14*((-1)/(-2) - 0). Let s = 1 - 0. Let g = s + c. What is the units digit of g?
8
Suppose -75 = -7*o + 2*o. Let n = 22 - o. What is the units digit of n?
7
What is the hundreds digit of 204 + 0 - (-1)/((-1)/(-3))?
2
Suppose 13*c = 258 + 1783. What is the units digit of c?
7
Let d(a) = a**2 - 9*a + 7. Let x be d(9). Let z be 2/x + (-57)/(-21). Suppose z*o - 3 - 3 = 0. What is the units digit of o?
2
Let i(f) = f**3 + 3*f**2 - 5*f + 1. Let a be i(-4). Suppose 4*c - 47 = -w, 16 = 2*c + 3*w - a*w. What is the tens digit of c?
1
Let v(k) = k**2 + 13*k - 44. What is the units digit of v(-18)?
6
Let w(a) = 4*a**2 + 2. Let r be w(-3). Let j = r - -13. Suppose -4*z - z = -i - 91, -3*i = 3*z - j. What is the tens digit of z?
1
Let y be (-8)/28 - (-26)/(-7). What is the units digit of 0 - -3*y/(-6)?
2
Let b = 39 + 6. What is the units digit of b?
5
Let g(d) = d**2 + 4*d - 3. Let o be g(-6). Suppose s = -v + 10, 0 = 5*v - v + 2*s - 30. Let c = o - v. What is the units digit of c?
4
Let z(m) be the second derivative of -m**4/12 + 7*m**3/6 + 2*m**2 + m. What is the units digit of z(6)?
0
Let d(u) = -2*u - 5. Let a be d(-4). Suppose 3*n = a*o + o + 46, 0 = 3*n - o - 34. What is the tens digit of n?
1
Let z(q) = q**2 + 11*q + 8. Let n be z(-10). Let d = n + 13. What is the units digit of d?
1
Suppose -593 = -6*c + 283. What is the hundreds digit of c?
1
Suppose -o - 4*n + 101 = 0, -3*o = 2*n - 0*n - 253. What is the tens digit of o?
8
Let f be (-3)/2*30/(-9). Suppose -3*g + 3*o - 60 = -4*g, f*g - 3*o - 336 = 0. Suppose 26 = 2*n - 2*t, 5*n - 2*t = 2*t + g. What is the tens digit of n?
1
Let o be (12/(-10))/((-9)/(-30)). Let p be (7 + -2)*o/5. What is the units digit of p*(-6)/4*1?
6
Suppose 2*r = -0*r + 16. What is the units digit of (-378)/(-24) + 2/r?
6
Suppose 3*g = 3*r - 